{"id":23093,"date":"2017-06-26T13:33:47","date_gmt":"2017-06-26T13:33:47","guid":{"rendered":"http:\/\/d2tcomunicacao.com.br\/cursos\/?post_type=product&#038;p=23093"},"modified":"2020-12-20T00:36:24","modified_gmt":"2020-12-20T00:36:24","slug":"cipa-para-sindicos-e-administradores-de-condominio","status":"publish","type":"product","link":"https:\/\/d2tcomunicacao.com.br\/cursos\/product\/cipa-para-sindicos-e-administradores-de-condominio\/","title":{"rendered":"CIPA  PARA S\u00cdNDICOS E ADMINISTRADORES DE CONDOMINIO"},"content":{"rendered":"<p>Quer saber mais o que \u00e9\u00a0 cipa?A comiss\u00e3o interna de preven\u00e7\u00e3o de acidentes,o designado?Entre em contato como fazer esse curto gratuito na sua empresa.<\/p>\n","protected":false},"excerpt":{"rendered":"<p>Quer saber mais o que \u00e9\u00a0 cipa?A comiss\u00e3o interna de preven\u00e7\u00e3o de acidentes,o designado?Entre em contato como fazer esse curto gratuito na sua empresa.<\/p>\n","protected":false},"featured_media":0,"comment_status":"closed","ping_status":"closed","template":"","meta":{"_acf_changed":false},"product_brand":[],"product_cat":[],"product_tag":[],"class_list":{"0":"post-23093","1":"product","2":"type-product","3":"status-publish","6":"first","7":"instock","8":"shipping-taxable","9":"purchasable","10":"product-type-simple"},"acf":[],"yoast_head":"<!-- This site is optimized with the Yoast SEO plugin v24.4 - https:\/\/yoast.com\/wordpress\/plugins\/seo\/ -->\n<title>CIPA PARA S\u00cdNDICOS E ADMINISTRADORES DE CONDOMINIO - cursos<\/title>\n<meta name=\"robots\" content=\"index, follow, max-snippet:-1, max-image-preview:large, max-video-preview:-1\" \/>\n<link rel=\"canonical\" href=\"https:\/\/d2tcomunicacao.com.br\/cursos\/product\/cipa-para-sindicos-e-administradores-de-condominio\/\" \/>\n<meta property=\"og:locale\" content=\"en_US\" \/>\n<meta property=\"og:type\" content=\"article\" \/>\n<meta property=\"og:title\" content=\"CIPA PARA S\u00cdNDICOS E ADMINISTRADORES DE CONDOMINIO - cursos\" \/>\n<meta property=\"og:description\" content=\"Quer saber mais o que \u00e9\u00a0 cipa?A comiss\u00e3o interna de preven\u00e7\u00e3o de acidentes,o designado?Entre em contato como fazer esse curto gratuito na sua empresa.\" \/>\n<meta property=\"og:url\" content=\"https:\/\/d2tcomunicacao.com.br\/cursos\/product\/cipa-para-sindicos-e-administradores-de-condominio\/\" \/>\n<meta property=\"og:site_name\" content=\"cursos\" \/>\n<meta property=\"article:modified_time\" content=\"2020-12-20T00:36:24+00:00\" \/>\n<meta name=\"twitter:card\" content=\"summary_large_image\" \/>\n<script type=\"application\/ld+json\" class=\"yoast-schema-graph\">{\"@context\":\"https:\/\/schema.org\",\"@graph\":[{\"@type\":\"WebPage\",\"@id\":\"https:\/\/d2tcomunicacao.com.br\/cursos\/product\/cipa-para-sindicos-e-administradores-de-condominio\/\",\"url\":\"https:\/\/d2tcomunicacao.com.br\/cursos\/product\/cipa-para-sindicos-e-administradores-de-condominio\/\",\"name\":\"CIPA PARA S\u00cdNDICOS E ADMINISTRADORES DE CONDOMINIO - cursos\",\"isPartOf\":{\"@id\":\"https:\/\/d2tcomunicacao.com.br\/cursos\/#website\"},\"datePublished\":\"2017-06-26T13:33:47+00:00\",\"dateModified\":\"2020-12-20T00:36:24+00:00\",\"breadcrumb\":{\"@id\":\"https:\/\/d2tcomunicacao.com.br\/cursos\/product\/cipa-para-sindicos-e-administradores-de-condominio\/#breadcrumb\"},\"inLanguage\":\"en-US\",\"potentialAction\":[{\"@type\":\"ReadAction\",\"target\":[\"https:\/\/d2tcomunicacao.com.br\/cursos\/product\/cipa-para-sindicos-e-administradores-de-condominio\/\"]}]},{\"@type\":\"BreadcrumbList\",\"@id\":\"https:\/\/d2tcomunicacao.com.br\/cursos\/product\/cipa-para-sindicos-e-administradores-de-condominio\/#breadcrumb\",\"itemListElement\":[{\"@type\":\"ListItem\",\"position\":1,\"name\":\"In\u00edcio\",\"item\":\"https:\/\/d2tcomunicacao.com.br\/cursos\/\"},{\"@type\":\"ListItem\",\"position\":2,\"name\":\"Shop\",\"item\":\"https:\/\/d2tcomunicacao.com.br\/cursos\/shop\/\"},{\"@type\":\"ListItem\",\"position\":3,\"name\":\"CIPA PARA S\u00cdNDICOS E ADMINISTRADORES DE CONDOMINIO\"}]},{\"@type\":\"WebSite\",\"@id\":\"https:\/\/d2tcomunicacao.com.br\/cursos\/#website\",\"url\":\"https:\/\/d2tcomunicacao.com.br\/cursos\/\",\"name\":\"cursos\",\"description\":\"\",\"potentialAction\":[{\"@type\":\"SearchAction\",\"target\":{\"@type\":\"EntryPoint\",\"urlTemplate\":\"https:\/\/d2tcomunicacao.com.br\/cursos\/?s={search_term_string}\"},\"query-input\":{\"@type\":\"PropertyValueSpecification\",\"valueRequired\":true,\"valueName\":\"search_term_string\"}}],\"inLanguage\":\"en-US\"}]}<\/script>\n<!-- \/ Yoast SEO plugin. -->","yoast_head_json":{"title":"CIPA PARA S\u00cdNDICOS E ADMINISTRADORES DE CONDOMINIO - cursos","robots":{"index":"index","follow":"follow","max-snippet":"max-snippet:-1","max-image-preview":"max-image-preview:large","max-video-preview":"max-video-preview:-1"},"canonical":"https:\/\/d2tcomunicacao.com.br\/cursos\/product\/cipa-para-sindicos-e-administradores-de-condominio\/","og_locale":"en_US","og_type":"article","og_title":"CIPA PARA S\u00cdNDICOS E ADMINISTRADORES DE CONDOMINIO - cursos","og_description":"Quer saber mais o que \u00e9\u00a0 cipa?A comiss\u00e3o interna de preven\u00e7\u00e3o de acidentes,o designado?Entre em contato como fazer esse curto gratuito na sua empresa.","og_url":"https:\/\/d2tcomunicacao.com.br\/cursos\/product\/cipa-para-sindicos-e-administradores-de-condominio\/","og_site_name":"cursos","article_modified_time":"2020-12-20T00:36:24+00:00","twitter_card":"summary_large_image","schema":{"@context":"https:\/\/schema.org","@graph":[{"@type":"WebPage","@id":"https:\/\/d2tcomunicacao.com.br\/cursos\/product\/cipa-para-sindicos-e-administradores-de-condominio\/","url":"https:\/\/d2tcomunicacao.com.br\/cursos\/product\/cipa-para-sindicos-e-administradores-de-condominio\/","name":"CIPA PARA S\u00cdNDICOS E ADMINISTRADORES DE CONDOMINIO - cursos","isPartOf":{"@id":"https:\/\/d2tcomunicacao.com.br\/cursos\/#website"},"datePublished":"2017-06-26T13:33:47+00:00","dateModified":"2020-12-20T00:36:24+00:00","breadcrumb":{"@id":"https:\/\/d2tcomunicacao.com.br\/cursos\/product\/cipa-para-sindicos-e-administradores-de-condominio\/#breadcrumb"},"inLanguage":"en-US","potentialAction":[{"@type":"ReadAction","target":["https:\/\/d2tcomunicacao.com.br\/cursos\/product\/cipa-para-sindicos-e-administradores-de-condominio\/"]}]},{"@type":"BreadcrumbList","@id":"https:\/\/d2tcomunicacao.com.br\/cursos\/product\/cipa-para-sindicos-e-administradores-de-condominio\/#breadcrumb","itemListElement":[{"@type":"ListItem","position":1,"name":"In\u00edcio","item":"https:\/\/d2tcomunicacao.com.br\/cursos\/"},{"@type":"ListItem","position":2,"name":"Shop","item":"https:\/\/d2tcomunicacao.com.br\/cursos\/shop\/"},{"@type":"ListItem","position":3,"name":"CIPA PARA S\u00cdNDICOS E ADMINISTRADORES DE CONDOMINIO"}]},{"@type":"WebSite","@id":"https:\/\/d2tcomunicacao.com.br\/cursos\/#website","url":"https:\/\/d2tcomunicacao.com.br\/cursos\/","name":"cursos","description":"","potentialAction":[{"@type":"SearchAction","target":{"@type":"EntryPoint","urlTemplate":"https:\/\/d2tcomunicacao.com.br\/cursos\/?s={search_term_string}"},"query-input":{"@type":"PropertyValueSpecification","valueRequired":true,"valueName":"search_term_string"}}],"inLanguage":"en-US"}]}},"_links":{"self":[{"href":"https:\/\/d2tcomunicacao.com.br\/cursos\/wp-json\/wp\/v2\/product\/23093","targetHints":{"allow":["GET"]}}],"collection":[{"href":"https:\/\/d2tcomunicacao.com.br\/cursos\/wp-json\/wp\/v2\/product"}],"about":[{"href":"https:\/\/d2tcomunicacao.com.br\/cursos\/wp-json\/wp\/v2\/types\/product"}],"replies":[{"embeddable":true,"href":"https:\/\/d2tcomunicacao.com.br\/cursos\/wp-json\/wp\/v2\/comments?post=23093"}],"wp:attachment":[{"href":"https:\/\/d2tcomunicacao.com.br\/cursos\/wp-json\/wp\/v2\/media?parent=23093"}],"wp:term":[{"taxonomy":"product_brand","embeddable":true,"href":"https:\/\/d2tcomunicacao.com.br\/cursos\/wp-json\/wp\/v2\/product_brand?post=23093"},{"taxonomy":"product_cat","embeddable":true,"href":"https:\/\/d2tcomunicacao.com.br\/cursos\/wp-json\/wp\/v2\/product_cat?post=23093"},{"taxonomy":"product_tag","embeddable":true,"href":"https:\/\/d2tcomunicacao.com.br\/cursos\/wp-json\/wp\/v2\/product_tag?post=23093"}],"curies":[{"name":"wp","href":"https:\/\/api.w.org\/{rel}","templated":true}]}}